815?
9
What is the units digit of 8595?
5
What is the units digit of 3494084?
4
What is the hundreds digit of 68024?
0
What is the hundreds digit of 134757?
7
What is the millions digit of 1566569?
1
What is the thousands digit of 3988915?
8
What is the tens digit of 76530?
3
What is the hundred thousands digit of 291547?
2
What is the hundreds digit of 927558?
5
What is the hundred thousands digit of 5130555?
1
What is the ten thousands digit of 641381?
4
What is the tens digit of 17184338?
3
What is the hundreds digit of 1960920?
9
What is the hundreds digit of 14642692?
6
What is the units digit of 232206?
6
What is the millions digit of 5357578?
5
What is the hundreds digit of 16067984?
9
What is the tens digit of 3018202?
0
What is the units digit of 79979?
9
What is the ten millions digit of 16089859?
1
What is the thousands digit of 8882549?
2
What is the tens digit of 137993?
9
What is the tens digit of 1346704?
0
What is the ten thousands digit of 5251280?
5
What is the hundreds digit of 33247615?
6
What is the hundreds digit of 1578224?
2
What is the ten thousands digit of 242363?
4
What is the tens digit of 7471937?
3
What is the millions digit of 1151590?
1
What is the hundreds digit of 522336?
3
What is the tens digit of 174730?
3
What is the units digit of 1554851?
1
What is the hundreds digit of 246880?
8
What is the ten thousands digit of 25368860?
6
What is the ten thousands digit of 22568221?
6
What is the ten thousands digit of 4900354?
0
What is the hundred thousands digit of 259893?
2
What is the ten thousands digit of 13699852?
9
What is the units digit of 9638961?
1
What is the units digit of 367160?
0
What is the units digit of 746199?
9
What is the tens digit of 128215?
1
What is the ten thousands digit of 3138564?
3
What is the thousands digit of 9008787?
8
What is the tens digit of 58457?
5
What is the tens digit of 959444?
4
What is the tens digit of 2913529?
2
What is the hundreds digit of 82943?
9
What is the hundred thousands digit of 4678221?
6
What is the ten thousands digit of 740956?
4
What is the hundred thousands digit of 6811671?
8
What is the units digit of 5157058?
8
What is the hundred thousands digit of 295899?
2
What is the tens digit of 1899863?
6
What is the ten thousands digit of 26714?
2
What is the hundreds digit of 2916228?
2
What is the tens digit of 7767?
6
What is the ten millions digit of 20277659?
2
What is the thousands digit of 23936646?
6
What is the units digit of 89788?
8
What is the hundreds digit of 7893790?
7
What is the hundred thousands digit of 38366961?
3
What is the hundred thousands digit of 1956263?
9
What is the thousands digit of 161330?
1
What is the thousands digit of 2063063?
3
What is the hundred thousands digit of 1186390?
1
What is the units digit of 25876?
6
What is the millions digit of 3607788?
3
What is the tens digit of 216243?
4
What is the hundreds digit of 352825?
8
What is the ten thousands digit of 604657?
0
What is the hundred thousands digit of 9723796?
7
What is the hundreds digit of 4967920?
9
What is the units digit of 1850601?
1
What is the thousands digit of 76000?
6
What is the hundreds digit of 1680312?
3
What is the thousands digit of 172186?
2
What is the ten thousands digit of 98025?
9
What is the units digit of 52094?
4
What is the millions digit of 3537150?
3
What is the thousands digit of 2867166?
7
What is the thousands digit of 1606113?
6
What is the ten thousands digit of 2375083?
7
What is the ten thousands digit of 1766605?
6
What is the units digit of 411?
1
What is the thousands digit of 518109?
8
What is the tens digit of 1697119?
1
What is the tens digit of 389305?
0
What is the hundred thousands digit of 1910463?
9
What is the ten thousands digit of 910154?
1
What is the units digit of 33919?
9
What is the hundreds digit of 2425810?
8
What is the units digit of 2660726?
6
What is the units digit of 180966?
6
What is the units digit of 230884?
4
What is the ten thousands digit of 168464?
6
What is the ten thousands digit of 174646?
7
What is the hundreds digit of 1867636?
6
What is the hundreds digit of 5773594?
5
What is the hundred thousands digit of 377726?
3
What is the ten thousands digit of 11357334?
5
What is the tens digit of 21475509?
0
What is the thousands digit of 87727?
7
What is the hundreds digit of 283895?
8
What is the units digit of 7237362?
2
What is the ten millions digit of 10033303?
1
What is the millions digit of 2880160?
2
What is the tens digit of 815066?
6
What is the millions digit of 2439855?
2
What is the hundred thousands digit of 958297?
9
What is the units digit of 17605827?
7
What is the thousands digit of 175422?
5
What is the hundreds digit of 2381069?
0
What is the units digit of 769958?
8
What is the hundreds digit of 221569?
5
What is the hundreds digit of 831970?
9
What is the tens digit of 691979?
7
What is the tens digit of 23346768?
6
What is the tens digit of 1556300?
0
What is the tens digit of 505430?
3
What is the hundreds digit of 4308900?
9
What is the tens digit of 518395?
9
What is the units digit of 20516688?
8
What is the thousands digit of 2008565?
8
What is the thousands digit of 143286?
3
What is the millions digit of 15197961?
5
What is the ten thousands digit of 1163437?
6
What is the hundreds digit of 35421580?
5
What is the units digit of 6678666?
6
What is the hundreds digit of 530706?
7
What is the millions digit of 2333134?
2
What is the hundred thousands digit of 328475?
3
What is the tens digit of 5099571?
7
What is the hundreds digit of 206400?
4
What is the hundred thousands digit of 1125186?
1
What is the units digit of 81432?
2
What is the tens digit of 4619096?
9
What is the hundred thousands digit of 227636?
2
What is the thousands digit of 2538730?
8
What is the hundreds digit of 298002?
0
What is the tens digit of 4358963?
6
What is the hundreds digit of 752355?
3
What is the units digit of 2589027?
7
What is the hundreds digit of 592393?
3
What is the thousands digit of 4089000?
9
What is the hundred thousands digit of 2900129?
9
What is the hundreds digit of 988127?
1
What is the hundred thousands digit of 37029448?
0
What is the ten thousands digit of 8913004?
1
What is the hundred thousands digit of 3050372?
0
What is the hundreds digit of 2344525?
5
What is the hundred thousands digit of 2011098?
0
What is the tens digit of 30457480?
8
What is the tens digit of 373070?
7
What is the tens digit of 4369331?
3
What is the tens digit of 1629193?
9
What is the hundreds digit of 1332601?
6
What is the hundred thousands digit of 696755?
6
What is the thousands digit of 446637?
6
What is the millions digit of 20218908?
0
What is the millions digit of 7876612?
7
What is the thousands digit of 7791586?
1
What is the hundred thousands digit of 3945773?
9
What is the thousands digit of 461354?
1
What is the units digit of 7471318?
8
What is the hundred thousands digit of 959192?
9
What is the hundreds digit of 55662?
6
What is the thousands digit of 1815019?
5
What is the units digit of 860794?
4
What is the hundreds digit of 47933?
9
What is the tens digit of 418464?
6
What is the hundreds digit of 58196?
1
What is the millions digit of 3323721?
3
What is the units digit of 18881393?
3
What is the ten thousands digit of 420341?
2
What is the ten thousands digit of 19616632?
1
What is the tens digit of 16554313?
1
What is the thousands digit of 8100624?
0
What is the ten thousands digit of 1018850?
1
What is the hundreds digit of 451852?
8
What is the tens digit of 382286?
8
What is the hundred thousands digit of 4351418?
3
What is the ten thousands digit of 361958?
6
What is the hundred thousands digit of 625557?
6
What is the thousands digit of 206548?
6
What is the tens digit of 1158606?
0
What is the units digit of 456656?
6
What is the hundred thousands digit of 857793?
8
What is the ten thousands digit of 74725?
7
What is the millions digit of 2010519?
2
What is the thousands digit of 1373855?
3
What is the units digit of 5668385?
5
What is the ten thousands digit of 1881414?
8
What is the hundred thousands digit of 6530220?
5
What is the thousands digit of 10183938?
3
What is the hundreds digit of 4716654?
6
What is the hundreds digit of 4971934?
9
What is th